ghest common factor of 33831 and 50655031?
1253
Calculate the greatest common divisor of 945 and 9711345.
105
Calculate the greatest common divisor of 55777 and 790142.
193
What is the greatest common factor of 42240 and 178181520?
2640
Calculate the greatest common divisor of 261576040 and 418.
418
What is the greatest common divisor of 7581 and 13352307?
1083
What is the greatest common divisor of 980 and 1906660?
140
What is the greatest common factor of 521428 and 380884?
244
What is the highest common divisor of 9405 and 124593678?
1881
What is the greatest common divisor of 1746359 and 20468?
731
Calculate the greatest common factor of 70304 and 871104.
416
What is the greatest common factor of 271800 and 155502?
18
Calculate the greatest common factor of 31496 and 7832344.
1016
What is the greatest common factor of 8056073 and 5317?
409
What is the highest common factor of 27 and 348256773?
27
Calculate the greatest common factor of 148896783 and 189.
63
What is the highest common divisor of 30406 and 7237289?
661
What is the greatest common divisor of 2522850 and 4543550?
6050
What is the greatest common divisor of 1520413996 and 11164?
11164
Calculate the greatest common factor of 114 and 3672186.
6
What is the greatest common factor of 24863 and 64719?
47
What is the greatest common factor of 279 and 52659?
9
What is the greatest common factor of 2988120 and 648?
24
Calculate the highest common divisor of 9962 and 30970686.
586
Calculate the greatest common divisor of 16541 and 536401.
2363
What is the greatest common factor of 13 and 141289512?
13
What is the greatest common divisor of 1838583 and 149211?
2529
Calculate the highest common divisor of 78832 and 109408.
208
Calculate the highest common divisor of 40 and 8485800.
40
What is the greatest common factor of 121936 and 13808?
16
Calculate the greatest common divisor of 797 and 922364115.
797
Calculate the greatest common divisor of 4348180 and 1460.
20
Calculate the highest common factor of 416142081 and 18945.
3789
Calculate the greatest common divisor of 1056 and 18785184.
1056
Calculate the greatest common divisor of 1938892740 and 15.
15
What is the highest common factor of 2916 and 1757412?
36
Calculate the highest common factor of 48135595 and 1621.
1621
What is the highest common divisor of 596310 and 3630?
330
Calculate the highest common factor of 19195986 and 710.
142
Calculate the greatest common factor of 182 and 4346719.
13
What is the greatest common divisor of 1342 and 50503486?
1342
What is the highest common divisor of 165 and 4826800?
55
Calculate the highest common factor of 6 and 1247853.
3
Calculate the highest common factor of 4949 and 560.
7
Calculate the greatest common factor of 1444171 and 261.
29
Calculate the greatest common divisor of 1465394429 and 947.
947
Calculate the greatest common divisor of 2503240 and 24520.
40
Calculate the highest common factor of 52480 and 12056320.
1280
Calculate the highest common divisor of 1560 and 58490.
10
What is the highest common factor of 6312289 and 282137?
4211
Calculate the greatest common factor of 60450 and 780300.
150
What is the highest common factor of 12 and 6883069260?
12
Calculate the highest common factor of 488 and 9623116.
244
What is the highest common factor of 54 and 18594594?
18
What is the highest common factor of 64 and 7920352?
32
Calculate the greatest common factor of 2211 and 1774026.
201
What is the greatest common factor of 45150 and 435547?
301
What is the greatest common factor of 211908 and 468?
12
Calculate the greatest common factor of 210656 and 102604.
908
What is the highest common divisor of 1965 and 114435?
15
Calculate the highest common divisor of 10551792 and 16.
16
Calculate the greatest common divisor of 320 and 42869000.
40
What is the highest common divisor of 36758042 and 10434?
94
Calculate the greatest common factor of 35937 and 135151071.
3993
What is the greatest common factor of 765601122 and 28314?
9438
Calculate the greatest common divisor of 1664 and 263997344.
416
What is the highest common factor of 2207792928 and 48?
48
What is the greatest common factor of 359663759 and 7?
7
Calculate the highest common factor of 1821344 and 448.
224
What is the greatest common divisor of 15280720 and 1235?
65
Calculate the highest common divisor of 568 and 10683086.
142
Calculate the greatest common factor of 450 and 40362550.
50
Calculate the greatest common factor of 26585841 and 204.
51
Calculate the highest common divisor of 33233 and 384269.
199
What is the highest common divisor of 560 and 22574720?
560
Calculate the highest common factor of 80 and 111992368.
16
What is the greatest common divisor of 167435197 and 141?
47
Calculate the greatest common divisor of 371500179 and 19836.
1653
What is the greatest common divisor of 289 and 319727347?
289
Calculate the greatest common divisor of 22614530 and 4880.
610
Calculate the greatest common factor of 261066 and 13104.
78
What is the highest common factor of 108547 and 76?
19
What is the greatest common divisor of 41054560 and 15930?
590
What is the highest common factor of 136690 and 96000?
10
What is the highest common divisor of 75 and 16378400?
25
What is the greatest common divisor of 125960 and 149752?
8
What is the greatest common divisor of 104 and 6756399?
13
Calculate the highest common factor of 648542836 and 2008.
1004
Calculate the greatest common divisor of 51752657 and 231.
11
What is the greatest common factor of 69368045 and 5?
5
Calculate the greatest common factor of 149450 and 1452850.
2450
Calculate the highest common factor of 132632 and 44840.
472
What is the greatest common factor of 756 and 10528?
28
Calculate the greatest common factor of 942888 and 2176.
136
Calculate the highest common factor of 5033702 and 3404.
74
Calculate the highest common factor of 307 and 8602447.
307
What is the greatest common divisor of 4358158 and 658?
14
Calculate the highest common divisor of 762228400 and 500.
100
What is the greatest common divisor of 1552 and 5613824?
16
Calculate the highest common divisor of 52 and 425846824.
52
Calculate the greatest common divisor of 23326434 and 22590.
4518
What is the greatest common divisor of 17334 and 750222?
162
Calculate the highest common factor of 20457296 and 464.
464
What is the greatest common divisor of 447822 and 17118?
54
What is the highest common factor of 11 and 1158902943?
11
What is the greatest common divisor of 9309 and 5505621?
87
Calculate the greatest common factor of 307168 and 87.
29
What is the greatest common divisor of 6895 and 4438?
7
What is the greatest common factor of 17910 and 232380?
90
Calculate the greatest common factor of 17940559 and 4641.
1547
What is the greatest common factor of 2324 and 8551822?
166
Calculate the greatest common factor of 521094899 and 13.
13
Calculate the greatest common divisor of 8636 and 7302627.
127
What is the greatest common factor of 6 and 28242936?
6
What is the greatest common factor of 1566 and 103807530?
522
Calculate the highest common factor of 261667 and 378.
7
What is the greatest common factor of 1820305 and 1543040?
12055
Calculate the highest common divisor of 39 and 3344952.
39
What is the highest common factor of 148964 and 761099?
223
Calculate the greatest common divisor of 45415040 and 143.
11
What is the highest common factor of 133 and 1485249?
19
What is the highest common divisor of 478876 and 6004?
76
Calculate the greatest common factor of 1968 and 5186992.
656
Calculate the greatest common divisor of 1072 and 213730.
134
Calculate the greatest common factor of 34578 and 1557540.
306
What is the highest common factor of 407906472 and 828?
276
Calculate the greatest common factor of 2970297 and 255354.
2409
Calculate the highest common factor of 490648616 and 24.
8
Calculate the greatest common divisor of 8746116 and 156.
12
What is the greatest common factor of 4236 and 2662764?
12
What is the greatest common divisor of 8079020 and 20?
20
What is the greatest common divisor of 103 and 3027?
1
Calculate the highest common factor of 592015 and 13471.
709
What is the highest common factor of 3899630 and 119?
119
What is the greatest common divisor of 4420 and 258094850?
221